{"id":4956,"date":"2026-01-19T22:33:59","date_gmt":"2026-01-19T21:33:59","guid":{"rendered":"https:\/\/www.srsa.sk\/?page_id=4956"},"modified":"2026-01-20T01:04:21","modified_gmt":"2026-01-20T00:04:21","slug":"vysledky-zo-sutazi-2025","status":"publish","type":"page","link":"https:\/\/www.srsa.sk\/?page_id=4956","title":{"rendered":"V\u00fdsledky zo s\u00fa\u0165a\u017e\u00ed 2025"},"content":{"rendered":"<div class=\"wp-block-image is-style-default\">\n<figure class=\"aligncenter size-full\"><a href=\"https:\/\/www.srsa.sk\/wp-content\/uploads\/2026\/01\/vysledky-zo-sutazi-2025-scaled.jpg\"><img loading=\"lazy\" decoding=\"async\" width=\"2560\" height=\"1088\" src=\"https:\/\/www.srsa.sk\/wp-content\/uploads\/2026\/01\/vysledky-zo-sutazi-2025-scaled.jpg\" alt=\"\" class=\"wp-image-4964\" srcset=\"https:\/\/www.srsa.sk\/wp-content\/uploads\/2026\/01\/vysledky-zo-sutazi-2025-scaled.jpg 2560w, https:\/\/www.srsa.sk\/wp-content\/uploads\/2026\/01\/vysledky-zo-sutazi-2025-300x128.jpg 300w, https:\/\/www.srsa.sk\/wp-content\/uploads\/2026\/01\/vysledky-zo-sutazi-2025-1024x435.jpg 1024w, https:\/\/www.srsa.sk\/wp-content\/uploads\/2026\/01\/vysledky-zo-sutazi-2025-768x326.jpg 768w, https:\/\/www.srsa.sk\/wp-content\/uploads\/2026\/01\/vysledky-zo-sutazi-2025-1536x653.jpg 1536w, https:\/\/www.srsa.sk\/wp-content\/uploads\/2026\/01\/vysledky-zo-sutazi-2025-2048x870.jpg 2048w, https:\/\/www.srsa.sk\/wp-content\/uploads\/2026\/01\/vysledky-zo-sutazi-2025-500x213.jpg 500w\" sizes=\"auto, (max-width: 2560px) 100vw, 2560px\" \/><\/a><\/figure>\n<\/div>\n\n\n<p>V roku 2025 Slovensk\u00e1 rope skippingov\u00e1 asoci\u00e1cia okrem vzdel\u00e1vac\u00edch aktiv\u00edt, workshopov a in\u00fdch prezenta\u010dn\u00fdch podujat\u00ed zorganizovala Majstrovstv\u00e1 Slovenska v \u0161porte rope skipping \u2013 sk\u00e1kanie cez \u0161vihadlo a kvalifika\u010dn\u00fa s\u00fa\u0165a\u017e pre Majstrovstv\u00e1 Slovenska 2025. <\/p>\n\n\n\n<figure class=\"wp-block-image size-large is-resized\"><a href=\"https:\/\/www.srsa.sk\/wp-content\/uploads\/2025\/05\/majstrovstva-slovenskej-republiky-2025.jpg\"><img loading=\"lazy\" decoding=\"async\" width=\"1024\" height=\"1007\" src=\"https:\/\/www.srsa.sk\/wp-content\/uploads\/2025\/05\/majstrovstva-slovenskej-republiky-2025-1024x1007.jpg\" alt=\"majstrovstva-slovenskej-rpubliky-2025\" class=\"wp-image-4893\" style=\"aspect-ratio:1.0168876126302027;width:526px;height:auto\" srcset=\"https:\/\/www.srsa.sk\/wp-content\/uploads\/2025\/05\/majstrovstva-slovenskej-republiky-2025-1024x1007.jpg 1024w, https:\/\/www.srsa.sk\/wp-content\/uploads\/2025\/05\/majstrovstva-slovenskej-republiky-2025-300x295.jpg 300w, https:\/\/www.srsa.sk\/wp-content\/uploads\/2025\/05\/majstrovstva-slovenskej-republiky-2025-768x755.jpg 768w, https:\/\/www.srsa.sk\/wp-content\/uploads\/2025\/05\/majstrovstva-slovenskej-republiky-2025-305x300.jpg 305w, https:\/\/www.srsa.sk\/wp-content\/uploads\/2025\/05\/majstrovstva-slovenskej-republiky-2025.jpg 1069w\" sizes=\"auto, (max-width: 1024px) 100vw, 1024px\" \/><\/a><\/figure>\n\n\n\n<p>Slovensk\u00e1 rope skippingov\u00e1 asoci\u00e1cia ofici\u00e1lne vyslala reprezenta\u010dn\u00fd t\u00edm v j\u00fani 2025 na svetov\u00fa s\u00fa\u0165a\u017e WORLD SPORTS GAMES, ktor\u00fa organizovala medzin\u00e1rodn\u00e1 oganiz\u00e1cie CSIT v spolupr\u00e1ci s eur\u00f3pskou organiz\u00e1ciou ERSO. \u0160portovci z bratislavsk\u00e9ho t\u00edmu JUMP-X Slovakia vysk\u00e1kali pre Slovensko spolu 30 medail\u00ed! Z\u00e1rove\u0148 to bol m\u00edlnik pre Slovensko ako krajinu, nako\u013eko historicky to bola prv\u00e1 reprezent\u00e1cia Slovenska na tejto celosvetovej s\u00fa\u0165a\u017ei! Reprezentanti Slovenska tak boli s\u00fa\u010das\u0165ou obrovskej s\u00fa\u0165a\u017ee, kde sa z\u00fa\u010dastnilo 4500 \u00fa\u010dastn\u00edkov z cel\u00e9ho sveta. <\/p>\n\n\n\n<figure class=\"wp-block-image size-large\"><a href=\"https:\/\/www.srsa.sk\/wp-content\/uploads\/2026\/01\/26-01-19-23_19_04.png\"><img loading=\"lazy\" decoding=\"async\" width=\"1024\" height=\"1024\" src=\"https:\/\/www.srsa.sk\/wp-content\/uploads\/2026\/01\/26-01-19-23_19_04-1024x1024.png\" alt=\"\" class=\"wp-image-4975\" srcset=\"https:\/\/www.srsa.sk\/wp-content\/uploads\/2026\/01\/26-01-19-23_19_04-1024x1024.png 1024w, https:\/\/www.srsa.sk\/wp-content\/uploads\/2026\/01\/26-01-19-23_19_04-300x300.png 300w, https:\/\/www.srsa.sk\/wp-content\/uploads\/2026\/01\/26-01-19-23_19_04-150x150.png 150w, https:\/\/www.srsa.sk\/wp-content\/uploads\/2026\/01\/26-01-19-23_19_04-768x768.png 768w, https:\/\/www.srsa.sk\/wp-content\/uploads\/2026\/01\/26-01-19-23_19_04.png 1080w\" sizes=\"auto, (max-width: 1024px) 100vw, 1024px\" \/><\/a><\/figure>\n\n\n\n<p>Ku konci roka sa konali na Slovensku dve s\u00fa\u0165a\u017ee BRATISLAVA ROPE SKIPPING CUP 2025 a GRAND PRIX EUROPE 2025. <\/p>\n\n\n\n<p>V\u00fdsledky zo s\u00fa\u0165a\u017e\u00ed v roku 2025 si m\u00f4\u017eete prehliada\u0165 kliknut\u00edm na jednotliv\u00e9 linky danej s\u00fa\u0165a\u017ee:<\/p>\n\n\n\n<p><a href=\"https:\/\/www.srsa.sk\/?p=4928\">WORLD SPORTS GAMES Loutraki, Gr\u00e9cko<\/a><\/p>\n\n\n\n<p><a href=\"https:\/\/www.srsa.sk\/?p=4878\">Majstrovstv\u00e1 Slovenska 2025 <\/a><\/p>\n\n\n\n<p>GRAND PRIX EUROPE 2025<\/p>\n\n\n\n<p>BRATISLAVA ROPE SKIPPING CUP 2025 <\/p>\n\n\n\n<p><\/p>\n","protected":false},"excerpt":{"rendered":"<p>V roku 2025 Slovensk\u00e1 rope skippingov\u00e1 asoci\u00e1cia okrem vzdel\u00e1vac\u00edch aktiv\u00edt, workshopov a in\u00fdch prezenta\u010dn\u00fdch podujat\u00ed zorganizovala Majstrovstv\u00e1 Slovenska v \u0161porte rope skipping \u2013 sk\u00e1kanie cez \u0161vihadlo a kvalifika\u010dn\u00fa s\u00fa\u0165a\u017e pre Majstrovstv\u00e1 Slovenska 2025. Slovensk\u00e1 rope skippingov\u00e1 asoci\u00e1cia ofici\u00e1lne vyslala reprezenta\u010dn\u00fd t\u00edm v j\u00fani 2025 na svetov\u00fa s\u00fa\u0165a\u017e WORLD SPORTS GAMES, ktor\u00fa organizovala medzin\u00e1rodn\u00e1 oganiz\u00e1cie CSIT [&hellip;]<\/p>\n","protected":false},"author":5,"featured_media":0,"parent":0,"menu_order":0,"comment_status":"closed","ping_status":"closed","template":"","meta":{"footnotes":""},"class_list":["post-4956","page","type-page","status-publish","hentry"],"yoast_head":"<!-- This site is optimized with the Yoast SEO plugin v26.8 - https:\/\/yoast.com\/product\/yoast-seo-wordpress\/ -->\n<title>V\u00fdsledky zo s\u00fa\u0165a\u017e\u00ed 2025 &#187; Slovensk\u00e1 rope skippingov\u00e1 asoci\u00e1cia<\/title>\n<meta name=\"robots\" content=\"index, follow, max-snippet:-1, max-image-preview:large, max-video-preview:-1\" \/>\n<link rel=\"canonical\" href=\"https:\/\/www.srsa.sk\/?page_id=4956\" \/>\n<meta property=\"og:locale\" content=\"sk_SK\" \/>\n<meta property=\"og:type\" content=\"article\" \/>\n<meta property=\"og:title\" content=\"V\u00fdsledky zo s\u00fa\u0165a\u017e\u00ed 2025 &#187; Slovensk\u00e1 rope skippingov\u00e1 asoci\u00e1cia\" \/>\n<meta property=\"og:description\" content=\"V roku 2025 Slovensk\u00e1 rope skippingov\u00e1 asoci\u00e1cia okrem vzdel\u00e1vac\u00edch aktiv\u00edt, workshopov a in\u00fdch prezenta\u010dn\u00fdch podujat\u00ed zorganizovala Majstrovstv\u00e1 Slovenska v \u0161porte rope skipping \u2013 sk\u00e1kanie cez \u0161vihadlo a kvalifika\u010dn\u00fa s\u00fa\u0165a\u017e pre Majstrovstv\u00e1 Slovenska 2025. Slovensk\u00e1 rope skippingov\u00e1 asoci\u00e1cia ofici\u00e1lne vyslala reprezenta\u010dn\u00fd t\u00edm v j\u00fani 2025 na svetov\u00fa s\u00fa\u0165a\u017e WORLD SPORTS GAMES, ktor\u00fa organizovala medzin\u00e1rodn\u00e1 oganiz\u00e1cie CSIT [&hellip;]\" \/>\n<meta property=\"og:url\" content=\"https:\/\/www.srsa.sk\/?page_id=4956\" \/>\n<meta property=\"og:site_name\" content=\"Slovensk\u00e1 rope skippingov\u00e1 asoci\u00e1cia\" \/>\n<meta property=\"article:modified_time\" content=\"2026-01-20T00:04:21+00:00\" \/>\n<meta property=\"og:image\" content=\"https:\/\/www.srsa.sk\/wp-content\/uploads\/2026\/01\/vysledky-zo-sutazi-2025-scaled.jpg\" \/>\n\t<meta property=\"og:image:width\" content=\"2560\" \/>\n\t<meta property=\"og:image:height\" content=\"1088\" \/>\n\t<meta property=\"og:image:type\" content=\"image\/jpeg\" \/>\n<meta name=\"twitter:card\" content=\"summary_large_image\" \/>\n<meta name=\"twitter:label1\" content=\"Predpokladan\u00fd \u010das \u010d\u00edtania\" \/>\n\t<meta name=\"twitter:data1\" content=\"2 min\u00faty\" \/>\n<script type=\"application\/ld+json\" class=\"yoast-schema-graph\">{\"@context\":\"https:\/\/schema.org\",\"@graph\":[{\"@type\":\"WebPage\",\"@id\":\"https:\/\/www.srsa.sk\/?page_id=4956\",\"url\":\"https:\/\/www.srsa.sk\/?page_id=4956\",\"name\":\"V\u00fdsledky zo s\u00fa\u0165a\u017e\u00ed 2025 &#187; Slovensk\u00e1 rope skippingov\u00e1 asoci\u00e1cia\",\"isPartOf\":{\"@id\":\"https:\/\/www.srsa.sk\/#website\"},\"primaryImageOfPage\":{\"@id\":\"https:\/\/www.srsa.sk\/?page_id=4956#primaryimage\"},\"image\":{\"@id\":\"https:\/\/www.srsa.sk\/?page_id=4956#primaryimage\"},\"thumbnailUrl\":\"https:\/\/www.srsa.sk\/wp-content\/uploads\/2026\/01\/vysledky-zo-sutazi-2025-scaled.jpg\",\"datePublished\":\"2026-01-19T21:33:59+00:00\",\"dateModified\":\"2026-01-20T00:04:21+00:00\",\"breadcrumb\":{\"@id\":\"https:\/\/www.srsa.sk\/?page_id=4956#breadcrumb\"},\"inLanguage\":\"sk-SK\",\"potentialAction\":[{\"@type\":\"ReadAction\",\"target\":[\"https:\/\/www.srsa.sk\/?page_id=4956\"]}]},{\"@type\":\"ImageObject\",\"inLanguage\":\"sk-SK\",\"@id\":\"https:\/\/www.srsa.sk\/?page_id=4956#primaryimage\",\"url\":\"https:\/\/www.srsa.sk\/wp-content\/uploads\/2026\/01\/vysledky-zo-sutazi-2025-scaled.jpg\",\"contentUrl\":\"https:\/\/www.srsa.sk\/wp-content\/uploads\/2026\/01\/vysledky-zo-sutazi-2025-scaled.jpg\"},{\"@type\":\"BreadcrumbList\",\"@id\":\"https:\/\/www.srsa.sk\/?page_id=4956#breadcrumb\",\"itemListElement\":[{\"@type\":\"ListItem\",\"position\":1,\"name\":\"Home\",\"item\":\"https:\/\/www.srsa.sk\/\"},{\"@type\":\"ListItem\",\"position\":2,\"name\":\"V\u00fdsledky zo s\u00fa\u0165a\u017e\u00ed 2025\"}]},{\"@type\":\"WebSite\",\"@id\":\"https:\/\/www.srsa.sk\/#website\",\"url\":\"https:\/\/www.srsa.sk\/\",\"name\":\"Slovensk\u00e1 rope skippingov\u00e1 asoci\u00e1cia\",\"description\":\"...tam, kde kon\u010d\u00ed sk\u00e1kanie cez \u0161vihadlo, za\u010d\u00edna rope skipping\",\"potentialAction\":[{\"@type\":\"SearchAction\",\"target\":{\"@type\":\"EntryPoint\",\"urlTemplate\":\"https:\/\/www.srsa.sk\/?s={search_term_string}\"},\"query-input\":{\"@type\":\"PropertyValueSpecification\",\"valueRequired\":true,\"valueName\":\"search_term_string\"}}],\"inLanguage\":\"sk-SK\"}]}<\/script>\n<!-- \/ Yoast SEO plugin. -->","yoast_head_json":{"title":"V\u00fdsledky zo s\u00fa\u0165a\u017e\u00ed 2025 &#187; Slovensk\u00e1 rope skippingov\u00e1 asoci\u00e1cia","robots":{"index":"index","follow":"follow","max-snippet":"max-snippet:-1","max-image-preview":"max-image-preview:large","max-video-preview":"max-video-preview:-1"},"canonical":"https:\/\/www.srsa.sk\/?page_id=4956","og_locale":"sk_SK","og_type":"article","og_title":"V\u00fdsledky zo s\u00fa\u0165a\u017e\u00ed 2025 &#187; Slovensk\u00e1 rope skippingov\u00e1 asoci\u00e1cia","og_description":"V roku 2025 Slovensk\u00e1 rope skippingov\u00e1 asoci\u00e1cia okrem vzdel\u00e1vac\u00edch aktiv\u00edt, workshopov a in\u00fdch prezenta\u010dn\u00fdch podujat\u00ed zorganizovala Majstrovstv\u00e1 Slovenska v \u0161porte rope skipping \u2013 sk\u00e1kanie cez \u0161vihadlo a kvalifika\u010dn\u00fa s\u00fa\u0165a\u017e pre Majstrovstv\u00e1 Slovenska 2025. Slovensk\u00e1 rope skippingov\u00e1 asoci\u00e1cia ofici\u00e1lne vyslala reprezenta\u010dn\u00fd t\u00edm v j\u00fani 2025 na svetov\u00fa s\u00fa\u0165a\u017e WORLD SPORTS GAMES, ktor\u00fa organizovala medzin\u00e1rodn\u00e1 oganiz\u00e1cie CSIT [&hellip;]","og_url":"https:\/\/www.srsa.sk\/?page_id=4956","og_site_name":"Slovensk\u00e1 rope skippingov\u00e1 asoci\u00e1cia","article_modified_time":"2026-01-20T00:04:21+00:00","og_image":[{"width":2560,"height":1088,"url":"https:\/\/www.srsa.sk\/wp-content\/uploads\/2026\/01\/vysledky-zo-sutazi-2025-scaled.jpg","type":"image\/jpeg"}],"twitter_card":"summary_large_image","twitter_misc":{"Predpokladan\u00fd \u010das \u010d\u00edtania":"2 min\u00faty"},"schema":{"@context":"https:\/\/schema.org","@graph":[{"@type":"WebPage","@id":"https:\/\/www.srsa.sk\/?page_id=4956","url":"https:\/\/www.srsa.sk\/?page_id=4956","name":"V\u00fdsledky zo s\u00fa\u0165a\u017e\u00ed 2025 &#187; Slovensk\u00e1 rope skippingov\u00e1 asoci\u00e1cia","isPartOf":{"@id":"https:\/\/www.srsa.sk\/#website"},"primaryImageOfPage":{"@id":"https:\/\/www.srsa.sk\/?page_id=4956#primaryimage"},"image":{"@id":"https:\/\/www.srsa.sk\/?page_id=4956#primaryimage"},"thumbnailUrl":"https:\/\/www.srsa.sk\/wp-content\/uploads\/2026\/01\/vysledky-zo-sutazi-2025-scaled.jpg","datePublished":"2026-01-19T21:33:59+00:00","dateModified":"2026-01-20T00:04:21+00:00","breadcrumb":{"@id":"https:\/\/www.srsa.sk\/?page_id=4956#breadcrumb"},"inLanguage":"sk-SK","potentialAction":[{"@type":"ReadAction","target":["https:\/\/www.srsa.sk\/?page_id=4956"]}]},{"@type":"ImageObject","inLanguage":"sk-SK","@id":"https:\/\/www.srsa.sk\/?page_id=4956#primaryimage","url":"https:\/\/www.srsa.sk\/wp-content\/uploads\/2026\/01\/vysledky-zo-sutazi-2025-scaled.jpg","contentUrl":"https:\/\/www.srsa.sk\/wp-content\/uploads\/2026\/01\/vysledky-zo-sutazi-2025-scaled.jpg"},{"@type":"BreadcrumbList","@id":"https:\/\/www.srsa.sk\/?page_id=4956#breadcrumb","itemListElement":[{"@type":"ListItem","position":1,"name":"Home","item":"https:\/\/www.srsa.sk\/"},{"@type":"ListItem","position":2,"name":"V\u00fdsledky zo s\u00fa\u0165a\u017e\u00ed 2025"}]},{"@type":"WebSite","@id":"https:\/\/www.srsa.sk\/#website","url":"https:\/\/www.srsa.sk\/","name":"Slovensk\u00e1 rope skippingov\u00e1 asoci\u00e1cia","description":"...tam, kde kon\u010d\u00ed sk\u00e1kanie cez \u0161vihadlo, za\u010d\u00edna rope skipping","potentialAction":[{"@type":"SearchAction","target":{"@type":"EntryPoint","urlTemplate":"https:\/\/www.srsa.sk\/?s={search_term_string}"},"query-input":{"@type":"PropertyValueSpecification","valueRequired":true,"valueName":"search_term_string"}}],"inLanguage":"sk-SK"}]}},"_links":{"self":[{"href":"https:\/\/www.srsa.sk\/index.php?rest_route=\/wp\/v2\/pages\/4956","targetHints":{"allow":["GET"]}}],"collection":[{"href":"https:\/\/www.srsa.sk\/index.php?rest_route=\/wp\/v2\/pages"}],"about":[{"href":"https:\/\/www.srsa.sk\/index.php?rest_route=\/wp\/v2\/types\/page"}],"author":[{"embeddable":true,"href":"https:\/\/www.srsa.sk\/index.php?rest_route=\/wp\/v2\/users\/5"}],"replies":[{"embeddable":true,"href":"https:\/\/www.srsa.sk\/index.php?rest_route=%2Fwp%2Fv2%2Fcomments&post=4956"}],"version-history":[{"count":3,"href":"https:\/\/www.srsa.sk\/index.php?rest_route=\/wp\/v2\/pages\/4956\/revisions"}],"predecessor-version":[{"id":4976,"href":"https:\/\/www.srsa.sk\/index.php?rest_route=\/wp\/v2\/pages\/4956\/revisions\/4976"}],"wp:attachment":[{"href":"https:\/\/www.srsa.sk\/index.php?rest_route=%2Fwp%2Fv2%2Fmedia&parent=4956"}],"curies":[{"name":"wp","href":"https:\/\/api.w.org\/{rel}","templated":true}]}}