{"id":4294,"date":"2022-03-31T18:56:00","date_gmt":"2022-03-31T17:56:00","guid":{"rendered":"http:\/\/www.srsa.sk\/?page_id=4294"},"modified":"2023-07-17T12:53:12","modified_gmt":"2023-07-17T11:53:12","slug":"vysledky-zo-sutazi-v-roku-2022","status":"publish","type":"page","link":"https:\/\/www.srsa.sk\/?page_id=4294","title":{"rendered":"V\u00fdsledky zo s\u00fa\u0165a\u017e\u00ed v roku 2022"},"content":{"rendered":"\n<figure class=\"wp-block-image size-full\"><a href=\"https:\/\/www.srsa.sk\/wp-content\/uploads\/2022\/04\/vysledky.jpg\"><img loading=\"lazy\" decoding=\"async\" width=\"786\" height=\"331\" src=\"https:\/\/www.srsa.sk\/wp-content\/uploads\/2022\/04\/vysledky.jpg\" alt=\"\" class=\"wp-image-4322\" srcset=\"https:\/\/www.srsa.sk\/wp-content\/uploads\/2022\/04\/vysledky.jpg 786w, https:\/\/www.srsa.sk\/wp-content\/uploads\/2022\/04\/vysledky-300x126.jpg 300w, https:\/\/www.srsa.sk\/wp-content\/uploads\/2022\/04\/vysledky-768x323.jpg 768w, https:\/\/www.srsa.sk\/wp-content\/uploads\/2022\/04\/vysledky-500x211.jpg 500w\" sizes=\"auto, (max-width: 786px) 100vw, 786px\" \/><\/a><\/figure>\n\n\n\n<p><\/p>\n\n\n\n<p>V\u00fdsledky zo s\u00fa\u0165a\u017e\u00ed v roku 2022 si m\u00f4\u017eete pozrie\u0165 priamo na tejto str\u00e1nke n\u00e1\u0161ho webu.<\/p>\n\n\n\n<blockquote class=\"wp-block-quote is-style-large is-layout-flow wp-block-quote-is-layout-flow\">\n<p><a href=\"https:\/\/www.srsa.sk\/?p=4056\" target=\"_blank\" rel=\"noreferrer noopener\">Majstrovstv\u00e1 Slovenskej republiky 2022 <\/a><\/p>\n<\/blockquote>\n\n\n\n<blockquote class=\"wp-block-quote is-style-large is-layout-flow wp-block-quote-is-layout-flow\">\n<p><a href=\"https:\/\/www.srsa.sk\/?p=4301\" target=\"_blank\" rel=\"noreferrer noopener\">Mamut cup 2022 <\/a><\/p>\n<\/blockquote>\n\n\n\n<blockquote class=\"wp-block-quote is-layout-flow wp-block-quote-is-layout-flow\">\n<p class=\"has-large-font-size\"><a href=\"https:\/\/www.srsa.sk\/?p=4056\" target=\"_blank\" rel=\"noreferrer noopener\"><em>Majstrovstv\u00e1 Eur\u00f3py 2022 <\/em><\/a><\/p>\n<\/blockquote>\n","protected":false},"excerpt":{"rendered":"<p>V\u00fdsledky zo s\u00fa\u0165a\u017e\u00ed v roku 2022 si m\u00f4\u017eete pozrie\u0165 priamo na tejto str\u00e1nke n\u00e1\u0161ho webu. Majstrovstv\u00e1 Slovenskej republiky 2022 Mamut cup 2022 Majstrovstv\u00e1 Eur\u00f3py 2022<\/p>\n","protected":false},"author":1,"featured_media":0,"parent":0,"menu_order":0,"comment_status":"closed","ping_status":"closed","template":"","meta":{"footnotes":""},"class_list":["post-4294","page","type-page","status-publish","hentry"],"yoast_head":"<!-- This site is optimized with the Yoast SEO plugin v26.8 - https:\/\/yoast.com\/product\/yoast-seo-wordpress\/ -->\n<title>V\u00fdsledky zo s\u00fa\u0165a\u017e\u00ed v roku 2022 &#187; Slovensk\u00e1 rope skippingov\u00e1 asoci\u00e1cia<\/title>\n<meta name=\"description\" content=\"V\u00fdsledky zo s\u00fa\u0165a\u017e\u00ed v \u0161porte rope skipping, ktor\u00e9 sa uskuto\u010dnili v roku 2022, si m\u00f4\u017eete pozrie\u0165 priamo na tejto str\u00e1nke n\u00e1\u0161ho webu.\" \/>\n<meta name=\"robots\" content=\"index, follow, max-snippet:-1, max-image-preview:large, max-video-preview:-1\" \/>\n<link rel=\"canonical\" href=\"https:\/\/www.srsa.sk\/?page_id=4294\" \/>\n<meta property=\"og:locale\" content=\"sk_SK\" \/>\n<meta property=\"og:type\" content=\"article\" \/>\n<meta property=\"og:title\" content=\"V\u00fdsledky zo s\u00fa\u0165a\u017e\u00ed v roku 2022 &#187; Slovensk\u00e1 rope skippingov\u00e1 asoci\u00e1cia\" \/>\n<meta property=\"og:description\" content=\"V\u00fdsledky zo s\u00fa\u0165a\u017e\u00ed v \u0161porte rope skipping, ktor\u00e9 sa uskuto\u010dnili v roku 2022, si m\u00f4\u017eete pozrie\u0165 priamo na tejto str\u00e1nke n\u00e1\u0161ho webu.\" \/>\n<meta property=\"og:url\" content=\"https:\/\/www.srsa.sk\/?page_id=4294\" \/>\n<meta property=\"og:site_name\" content=\"Slovensk\u00e1 rope skippingov\u00e1 asoci\u00e1cia\" \/>\n<meta property=\"article:modified_time\" content=\"2023-07-17T11:53:12+00:00\" \/>\n<meta property=\"og:image\" content=\"http:\/\/www.srsa.sk\/wp-content\/uploads\/2022\/04\/vysledky.jpg\" \/>\n<meta name=\"twitter:card\" content=\"summary_large_image\" \/>\n<meta name=\"twitter:label1\" content=\"Predpokladan\u00fd \u010das \u010d\u00edtania\" \/>\n\t<meta name=\"twitter:data1\" content=\"1 min\u00fata\" \/>\n<script type=\"application\/ld+json\" class=\"yoast-schema-graph\">{\"@context\":\"https:\/\/schema.org\",\"@graph\":[{\"@type\":\"WebPage\",\"@id\":\"https:\/\/www.srsa.sk\/?page_id=4294\",\"url\":\"https:\/\/www.srsa.sk\/?page_id=4294\",\"name\":\"V\u00fdsledky zo s\u00fa\u0165a\u017e\u00ed v roku 2022 &#187; Slovensk\u00e1 rope skippingov\u00e1 asoci\u00e1cia\",\"isPartOf\":{\"@id\":\"https:\/\/www.srsa.sk\/#website\"},\"primaryImageOfPage\":{\"@id\":\"https:\/\/www.srsa.sk\/?page_id=4294#primaryimage\"},\"image\":{\"@id\":\"https:\/\/www.srsa.sk\/?page_id=4294#primaryimage\"},\"thumbnailUrl\":\"http:\/\/www.srsa.sk\/wp-content\/uploads\/2022\/04\/vysledky.jpg\",\"datePublished\":\"2022-03-31T17:56:00+00:00\",\"dateModified\":\"2023-07-17T11:53:12+00:00\",\"description\":\"V\u00fdsledky zo s\u00fa\u0165a\u017e\u00ed v \u0161porte rope skipping, ktor\u00e9 sa uskuto\u010dnili v roku 2022, si m\u00f4\u017eete pozrie\u0165 priamo na tejto str\u00e1nke n\u00e1\u0161ho webu.\",\"breadcrumb\":{\"@id\":\"https:\/\/www.srsa.sk\/?page_id=4294#breadcrumb\"},\"inLanguage\":\"sk-SK\",\"potentialAction\":[{\"@type\":\"ReadAction\",\"target\":[\"https:\/\/www.srsa.sk\/?page_id=4294\"]}]},{\"@type\":\"ImageObject\",\"inLanguage\":\"sk-SK\",\"@id\":\"https:\/\/www.srsa.sk\/?page_id=4294#primaryimage\",\"url\":\"https:\/\/www.srsa.sk\/wp-content\/uploads\/2022\/04\/vysledky.jpg\",\"contentUrl\":\"https:\/\/www.srsa.sk\/wp-content\/uploads\/2022\/04\/vysledky.jpg\",\"width\":786,\"height\":331},{\"@type\":\"BreadcrumbList\",\"@id\":\"https:\/\/www.srsa.sk\/?page_id=4294#breadcrumb\",\"itemListElement\":[{\"@type\":\"ListItem\",\"position\":1,\"name\":\"Home\",\"item\":\"https:\/\/www.srsa.sk\/\"},{\"@type\":\"ListItem\",\"position\":2,\"name\":\"V\u00fdsledky zo s\u00fa\u0165a\u017e\u00ed v roku 2022\"}]},{\"@type\":\"WebSite\",\"@id\":\"https:\/\/www.srsa.sk\/#website\",\"url\":\"https:\/\/www.srsa.sk\/\",\"name\":\"Slovensk\u00e1 rope skippingov\u00e1 asoci\u00e1cia\",\"description\":\"...tam, kde kon\u010d\u00ed sk\u00e1kanie cez \u0161vihadlo, za\u010d\u00edna rope skipping\",\"potentialAction\":[{\"@type\":\"SearchAction\",\"target\":{\"@type\":\"EntryPoint\",\"urlTemplate\":\"https:\/\/www.srsa.sk\/?s={search_term_string}\"},\"query-input\":{\"@type\":\"PropertyValueSpecification\",\"valueRequired\":true,\"valueName\":\"search_term_string\"}}],\"inLanguage\":\"sk-SK\"}]}<\/script>\n<!-- \/ Yoast SEO plugin. -->","yoast_head_json":{"title":"V\u00fdsledky zo s\u00fa\u0165a\u017e\u00ed v roku 2022 &#187; Slovensk\u00e1 rope skippingov\u00e1 asoci\u00e1cia","description":"V\u00fdsledky zo s\u00fa\u0165a\u017e\u00ed v \u0161porte rope skipping, ktor\u00e9 sa uskuto\u010dnili v roku 2022, si m\u00f4\u017eete pozrie\u0165 priamo na tejto str\u00e1nke n\u00e1\u0161ho webu.","robots":{"index":"index","follow":"follow","max-snippet":"max-snippet:-1","max-image-preview":"max-image-preview:large","max-video-preview":"max-video-preview:-1"},"canonical":"https:\/\/www.srsa.sk\/?page_id=4294","og_locale":"sk_SK","og_type":"article","og_title":"V\u00fdsledky zo s\u00fa\u0165a\u017e\u00ed v roku 2022 &#187; Slovensk\u00e1 rope skippingov\u00e1 asoci\u00e1cia","og_description":"V\u00fdsledky zo s\u00fa\u0165a\u017e\u00ed v \u0161porte rope skipping, ktor\u00e9 sa uskuto\u010dnili v roku 2022, si m\u00f4\u017eete pozrie\u0165 priamo na tejto str\u00e1nke n\u00e1\u0161ho webu.","og_url":"https:\/\/www.srsa.sk\/?page_id=4294","og_site_name":"Slovensk\u00e1 rope skippingov\u00e1 asoci\u00e1cia","article_modified_time":"2023-07-17T11:53:12+00:00","og_image":[{"url":"http:\/\/www.srsa.sk\/wp-content\/uploads\/2022\/04\/vysledky.jpg","type":"","width":"","height":""}],"twitter_card":"summary_large_image","twitter_misc":{"Predpokladan\u00fd \u010das \u010d\u00edtania":"1 min\u00fata"},"schema":{"@context":"https:\/\/schema.org","@graph":[{"@type":"WebPage","@id":"https:\/\/www.srsa.sk\/?page_id=4294","url":"https:\/\/www.srsa.sk\/?page_id=4294","name":"V\u00fdsledky zo s\u00fa\u0165a\u017e\u00ed v roku 2022 &#187; Slovensk\u00e1 rope skippingov\u00e1 asoci\u00e1cia","isPartOf":{"@id":"https:\/\/www.srsa.sk\/#website"},"primaryImageOfPage":{"@id":"https:\/\/www.srsa.sk\/?page_id=4294#primaryimage"},"image":{"@id":"https:\/\/www.srsa.sk\/?page_id=4294#primaryimage"},"thumbnailUrl":"http:\/\/www.srsa.sk\/wp-content\/uploads\/2022\/04\/vysledky.jpg","datePublished":"2022-03-31T17:56:00+00:00","dateModified":"2023-07-17T11:53:12+00:00","description":"V\u00fdsledky zo s\u00fa\u0165a\u017e\u00ed v \u0161porte rope skipping, ktor\u00e9 sa uskuto\u010dnili v roku 2022, si m\u00f4\u017eete pozrie\u0165 priamo na tejto str\u00e1nke n\u00e1\u0161ho webu.","breadcrumb":{"@id":"https:\/\/www.srsa.sk\/?page_id=4294#breadcrumb"},"inLanguage":"sk-SK","potentialAction":[{"@type":"ReadAction","target":["https:\/\/www.srsa.sk\/?page_id=4294"]}]},{"@type":"ImageObject","inLanguage":"sk-SK","@id":"https:\/\/www.srsa.sk\/?page_id=4294#primaryimage","url":"https:\/\/www.srsa.sk\/wp-content\/uploads\/2022\/04\/vysledky.jpg","contentUrl":"https:\/\/www.srsa.sk\/wp-content\/uploads\/2022\/04\/vysledky.jpg","width":786,"height":331},{"@type":"BreadcrumbList","@id":"https:\/\/www.srsa.sk\/?page_id=4294#breadcrumb","itemListElement":[{"@type":"ListItem","position":1,"name":"Home","item":"https:\/\/www.srsa.sk\/"},{"@type":"ListItem","position":2,"name":"V\u00fdsledky zo s\u00fa\u0165a\u017e\u00ed v roku 2022"}]},{"@type":"WebSite","@id":"https:\/\/www.srsa.sk\/#website","url":"https:\/\/www.srsa.sk\/","name":"Slovensk\u00e1 rope skippingov\u00e1 asoci\u00e1cia","description":"...tam, kde kon\u010d\u00ed sk\u00e1kanie cez \u0161vihadlo, za\u010d\u00edna rope skipping","potentialAction":[{"@type":"SearchAction","target":{"@type":"EntryPoint","urlTemplate":"https:\/\/www.srsa.sk\/?s={search_term_string}"},"query-input":{"@type":"PropertyValueSpecification","valueRequired":true,"valueName":"search_term_string"}}],"inLanguage":"sk-SK"}]}},"_links":{"self":[{"href":"https:\/\/www.srsa.sk\/index.php?rest_route=\/wp\/v2\/pages\/4294","targetHints":{"allow":["GET"]}}],"collection":[{"href":"https:\/\/www.srsa.sk\/index.php?rest_route=\/wp\/v2\/pages"}],"about":[{"href":"https:\/\/www.srsa.sk\/index.php?rest_route=\/wp\/v2\/types\/page"}],"author":[{"embeddable":true,"href":"https:\/\/www.srsa.sk\/index.php?rest_route=\/wp\/v2\/users\/1"}],"replies":[{"embeddable":true,"href":"https:\/\/www.srsa.sk\/index.php?rest_route=%2Fwp%2Fv2%2Fcomments&post=4294"}],"version-history":[{"count":9,"href":"https:\/\/www.srsa.sk\/index.php?rest_route=\/wp\/v2\/pages\/4294\/revisions"}],"predecessor-version":[{"id":4553,"href":"https:\/\/www.srsa.sk\/index.php?rest_route=\/wp\/v2\/pages\/4294\/revisions\/4553"}],"wp:attachment":[{"href":"https:\/\/www.srsa.sk\/index.php?rest_route=%2Fwp%2Fv2%2Fmedia&parent=4294"}],"curies":[{"name":"wp","href":"https:\/\/api.w.org\/{rel}","templated":true}]}}