{"id":3107,"date":"2023-03-27T15:14:13","date_gmt":"2023-03-27T14:14:13","guid":{"rendered":"http:\/\/www.srsa.sk\/?page_id=3107"},"modified":"2023-07-17T12:44:04","modified_gmt":"2023-07-17T11:44:04","slug":"majstrovstva-sveta","status":"publish","type":"page","link":"https:\/\/www.srsa.sk\/?page_id=3107","title":{"rendered":"Majstrovstv\u00e1 sveta"},"content":{"rendered":"\n<p class=\"has-white-color has-text-color has-background\" style=\"background-color:#75b04e\"><strong>Majstrovstv\u00e1 sveta v \u0161porte rope skipping \/ jump rope je v\u00fdznamn\u00e9 podujatie, ktor\u00e9 sa kon\u00e1 ka\u017ed\u00e9 dva roky a hos\u0165uje ich v\u017edy in\u00fd svetadiel. <\/strong><\/p>\n\n\n\n<p><\/p>\n\n\n\n<p>Toto v\u00fdznamn\u00e9 podujatie v \u0161porte rope skipping \/ jump rope sa sklad\u00e1 z 3 svetov\u00fdch \u0161ampion\u00e1tov, a&nbsp;to:<\/p>\n\n\n\n<p><strong>Majstrovstv\u00e1 sveta (MS)<\/strong> \/<strong> World Championship (WC)<\/strong> &#8211; medzin\u00e1rodn\u00e9 podujatie v \u0161porte rope skipping \/ jump rope, ktor\u00e9 je ur\u010den\u00e9 pre \u0161portovcov vo veku od 16 rokov<\/p>\n\n\n\n<p><strong>Majstrovstv\u00e1 sveta juniorov (MSJ) \/ Junior World Championship (JWC)<\/strong> &#8211; medzin\u00e1rodn\u00e9 podujatie v \u0161porte rope skipping \/ jump rope, ktor\u00e9 je ur\u010den\u00e9 pre \u0161portovcov vo veku 12 &#8211; 15 rokov<\/p>\n\n\n\n<p><strong>Medzin\u00e1rodn\u00fd otvoren\u00fd turnaj (IOT) \u2013 International Open Tournament (IOT)<\/strong> &#8211; medzin\u00e1rodn\u00e9 podujatie, ktor\u00e9 prebieha popri Majstrovstv\u00e1ch sveta v \u0161porte rope skipping \/ jump rope ako podpora \u00fa\u010dasti viacer\u00fdch \u0161portovcov na medzin\u00e1rodnom podujat\u00ed, nako\u013eko po\u010det miest na MS a MSJ je obmedzen\u00fd<\/p>\n\n\n\n<p><strong>Double dutch Contest World (DDCW)<\/strong><\/p>\n\n\n\n<p><\/p>\n\n\n\n<p>V\u0161etci \u0161portovci, ktor\u00ed maj\u00fa z\u00e1ujem z\u00fa\u010dastni\u0165 sa MS, MSJ alebo IOT sa musia kvalifikova\u0165.<\/p>\n\n\n\n<p><strong>Registr\u00e1cia \u00fa\u010dastn\u00edkov <\/strong><\/p>\n\n\n\n<p>Registr\u00e1cia \u00fa\u010dastn\u00edkov sa mus\u00ed uskuto\u010d\u0148ova\u0165 prostredn\u00edctvom n\u00e1rodnej organiz\u00e1cie \u2013 Slovensk\u00e1 rope skippingov\u00e1 asoci\u00e1cia. Svetov\u00e1 organiz\u00e1cia IJRU nevybavuje registr\u00e1cie jednotliv\u00fdch \u00fa\u010dastn\u00edkov.<\/p>\n\n\n\n<p><strong>Registr\u00e1cia rozhodcov <\/strong><\/p>\n\n\n\n<p>Klub\/oddiel je pod\u013ea pravidiel povinn\u00fd zabezpe\u010di\u0165 certifikovan\u00fdch rozhodcov. Rozhodcovia musia by\u0165 certifikovan\u00ed a z\u00e1rove\u0148 by\u0165 riadne zap\u00edsan\u00fd ako \u0161portov\u00fd odborn\u00edk Slovenskej rope skippingovej asoci\u00e1cie &#8211; rozhodca SRSA.  V pr\u00edpade, \u017ee klub\/oddiel nem\u00e1 potrebn\u00fdch rozhodcov, m\u00f4\u017ee sa obr\u00e1ti\u0165 na SRSA, ktor\u00e1 m\u00f4\u017ee oslovi\u0165 certifikovan\u00fdch rozhodcov, ktor\u00ed s\u00fa zap\u00edsan\u00fd ako \u0161portov\u00ed odborn\u00edci SRSA, \u010di maj\u00fa z\u00e1ujem o rozhodovanie na MS a za ak\u00fdch podmienok. V pr\u00edpade nedodania certifikovan\u00fdch rozhodcov bude nutn\u00e9 uhradi\u0165 pokutu vo v\u00fd\u0161ke 500 dol\u00e1rov za ka\u017ed\u00e9ho ch\u00fdbaj\u00faceho rozhodcu. T\u00fato pokutu bude hradi\u0165 klub, ktor\u00fd potrebn\u00fdch rozhodcov nezabezpe\u010d\u00ed.<\/p>\n\n\n\n<p><\/p>\n\n\n\n<p><\/p>\n\n\n\n<figure class=\"wp-block-pullquote\"><blockquote><p><strong><a href=\"http:\/\/srsa.sk\/?page_id=4486\" target=\"_blank\" rel=\"noreferrer noopener\">MAJSTROVSTV\u00c1 SVETA 2023 <\/a><\/strong><\/p><\/blockquote><\/figure>\n\n\n\n<p><\/p>\n\n\n\n<p><a href=\"https:\/\/www.srsa.sk\/?p=3629\" target=\"_blank\" rel=\"noreferrer noopener\">Virtu\u00e1lne Majstrovstv\u00e1 sveta 2021 <\/a><\/p>\n\n\n\n<p><\/p>\n\n\n\n<p><\/p>\n","protected":false},"excerpt":{"rendered":"<p>Majstrovstv\u00e1 sveta v \u0161porte rope skipping \/ jump rope je v\u00fdznamn\u00e9 podujatie, ktor\u00e9 sa kon\u00e1 ka\u017ed\u00e9 dva roky a hos\u0165uje ich v\u017edy in\u00fd svetadiel. Toto v\u00fdznamn\u00e9 podujatie v \u0161porte rope skipping \/ jump rope sa sklad\u00e1 z 3 svetov\u00fdch \u0161ampion\u00e1tov, a&nbsp;to: Majstrovstv\u00e1 sveta (MS) \/ World Championship (WC) &#8211; medzin\u00e1rodn\u00e9 podujatie v \u0161porte rope skipping [&hellip;]<\/p>\n","protected":false},"author":1,"featured_media":4472,"parent":0,"menu_order":0,"comment_status":"closed","ping_status":"closed","template":"","meta":{"footnotes":""},"class_list":["post-3107","page","type-page","status-publish","has-post-thumbnail","hentry"],"yoast_head":"<!-- This site is optimized with the Yoast SEO plugin v26.8 - https:\/\/yoast.com\/product\/yoast-seo-wordpress\/ -->\n<title>Majstrovstv\u00e1 sveta &#187; Slovensk\u00e1 rope skippingov\u00e1 asoci\u00e1cia<\/title>\n<meta name=\"description\" content=\"Majstrovstv\u00e1 sveta v \u0161porte rope skipping je v\u00fdznamn\u00e9 podujatie, ktor\u00e9 sa kon\u00e1 ka\u017ed\u00e9 dva roky v\u017edy v inej krajine a na inom svetadiely.\" \/>\n<meta name=\"robots\" content=\"index, follow, max-snippet:-1, max-image-preview:large, max-video-preview:-1\" \/>\n<link rel=\"canonical\" href=\"https:\/\/www.srsa.sk\/?page_id=3107\" \/>\n<meta property=\"og:locale\" content=\"sk_SK\" \/>\n<meta property=\"og:type\" content=\"article\" \/>\n<meta property=\"og:title\" content=\"Majstrovstv\u00e1 sveta &#187; Slovensk\u00e1 rope skippingov\u00e1 asoci\u00e1cia\" \/>\n<meta property=\"og:description\" content=\"Majstrovstv\u00e1 sveta v \u0161porte rope skipping je v\u00fdznamn\u00e9 podujatie, ktor\u00e9 sa kon\u00e1 ka\u017ed\u00e9 dva roky v\u017edy v inej krajine a na inom svetadiely.\" \/>\n<meta property=\"og:url\" content=\"https:\/\/www.srsa.sk\/?page_id=3107\" \/>\n<meta property=\"og:site_name\" content=\"Slovensk\u00e1 rope skippingov\u00e1 asoci\u00e1cia\" \/>\n<meta property=\"article:modified_time\" content=\"2023-07-17T11:44:04+00:00\" \/>\n<meta property=\"og:image\" content=\"http:\/\/www.srsa.sk\/wp-content\/uploads\/2023\/03\/Majstrovstva-sveta-2023-logo.png\" \/>\n\t<meta property=\"og:image:width\" content=\"502\" \/>\n\t<meta property=\"og:image:height\" content=\"376\" \/>\n\t<meta property=\"og:image:type\" content=\"image\/png\" \/>\n<meta name=\"twitter:card\" content=\"summary_large_image\" \/>\n<meta name=\"twitter:label1\" content=\"Predpokladan\u00fd \u010das \u010d\u00edtania\" \/>\n\t<meta name=\"twitter:data1\" content=\"2 min\u00faty\" \/>\n<script type=\"application\/ld+json\" class=\"yoast-schema-graph\">{\"@context\":\"https:\/\/schema.org\",\"@graph\":[{\"@type\":\"WebPage\",\"@id\":\"https:\/\/www.srsa.sk\/?page_id=3107\",\"url\":\"https:\/\/www.srsa.sk\/?page_id=3107\",\"name\":\"Majstrovstv\u00e1 sveta &#187; Slovensk\u00e1 rope skippingov\u00e1 asoci\u00e1cia\",\"isPartOf\":{\"@id\":\"https:\/\/www.srsa.sk\/#website\"},\"primaryImageOfPage\":{\"@id\":\"https:\/\/www.srsa.sk\/?page_id=3107#primaryimage\"},\"image\":{\"@id\":\"https:\/\/www.srsa.sk\/?page_id=3107#primaryimage\"},\"thumbnailUrl\":\"https:\/\/www.srsa.sk\/wp-content\/uploads\/2023\/03\/Majstrovstva-sveta-2023-logo.png\",\"datePublished\":\"2023-03-27T14:14:13+00:00\",\"dateModified\":\"2023-07-17T11:44:04+00:00\",\"description\":\"Majstrovstv\u00e1 sveta v \u0161porte rope skipping je v\u00fdznamn\u00e9 podujatie, ktor\u00e9 sa kon\u00e1 ka\u017ed\u00e9 dva roky v\u017edy v inej krajine a na inom svetadiely.\",\"breadcrumb\":{\"@id\":\"https:\/\/www.srsa.sk\/?page_id=3107#breadcrumb\"},\"inLanguage\":\"sk-SK\",\"potentialAction\":[{\"@type\":\"ReadAction\",\"target\":[\"https:\/\/www.srsa.sk\/?page_id=3107\"]}]},{\"@type\":\"ImageObject\",\"inLanguage\":\"sk-SK\",\"@id\":\"https:\/\/www.srsa.sk\/?page_id=3107#primaryimage\",\"url\":\"https:\/\/www.srsa.sk\/wp-content\/uploads\/2023\/03\/Majstrovstva-sveta-2023-logo.png\",\"contentUrl\":\"https:\/\/www.srsa.sk\/wp-content\/uploads\/2023\/03\/Majstrovstva-sveta-2023-logo.png\",\"width\":502,\"height\":376,\"caption\":\"Majstrovstv\u00e1 sveta 2023\"},{\"@type\":\"BreadcrumbList\",\"@id\":\"https:\/\/www.srsa.sk\/?page_id=3107#breadcrumb\",\"itemListElement\":[{\"@type\":\"ListItem\",\"position\":1,\"name\":\"Home\",\"item\":\"https:\/\/www.srsa.sk\/\"},{\"@type\":\"ListItem\",\"position\":2,\"name\":\"Majstrovstv\u00e1 sveta\"}]},{\"@type\":\"WebSite\",\"@id\":\"https:\/\/www.srsa.sk\/#website\",\"url\":\"https:\/\/www.srsa.sk\/\",\"name\":\"Slovensk\u00e1 rope skippingov\u00e1 asoci\u00e1cia\",\"description\":\"...tam, kde kon\u010d\u00ed sk\u00e1kanie cez \u0161vihadlo, za\u010d\u00edna rope skipping\",\"potentialAction\":[{\"@type\":\"SearchAction\",\"target\":{\"@type\":\"EntryPoint\",\"urlTemplate\":\"https:\/\/www.srsa.sk\/?s={search_term_string}\"},\"query-input\":{\"@type\":\"PropertyValueSpecification\",\"valueRequired\":true,\"valueName\":\"search_term_string\"}}],\"inLanguage\":\"sk-SK\"}]}<\/script>\n<!-- \/ Yoast SEO plugin. -->","yoast_head_json":{"title":"Majstrovstv\u00e1 sveta &#187; Slovensk\u00e1 rope skippingov\u00e1 asoci\u00e1cia","description":"Majstrovstv\u00e1 sveta v \u0161porte rope skipping je v\u00fdznamn\u00e9 podujatie, ktor\u00e9 sa kon\u00e1 ka\u017ed\u00e9 dva roky v\u017edy v inej krajine a na inom svetadiely.","robots":{"index":"index","follow":"follow","max-snippet":"max-snippet:-1","max-image-preview":"max-image-preview:large","max-video-preview":"max-video-preview:-1"},"canonical":"https:\/\/www.srsa.sk\/?page_id=3107","og_locale":"sk_SK","og_type":"article","og_title":"Majstrovstv\u00e1 sveta &#187; Slovensk\u00e1 rope skippingov\u00e1 asoci\u00e1cia","og_description":"Majstrovstv\u00e1 sveta v \u0161porte rope skipping je v\u00fdznamn\u00e9 podujatie, ktor\u00e9 sa kon\u00e1 ka\u017ed\u00e9 dva roky v\u017edy v inej krajine a na inom svetadiely.","og_url":"https:\/\/www.srsa.sk\/?page_id=3107","og_site_name":"Slovensk\u00e1 rope skippingov\u00e1 asoci\u00e1cia","article_modified_time":"2023-07-17T11:44:04+00:00","og_image":[{"width":502,"height":376,"url":"http:\/\/www.srsa.sk\/wp-content\/uploads\/2023\/03\/Majstrovstva-sveta-2023-logo.png","type":"image\/png"}],"twitter_card":"summary_large_image","twitter_misc":{"Predpokladan\u00fd \u010das \u010d\u00edtania":"2 min\u00faty"},"schema":{"@context":"https:\/\/schema.org","@graph":[{"@type":"WebPage","@id":"https:\/\/www.srsa.sk\/?page_id=3107","url":"https:\/\/www.srsa.sk\/?page_id=3107","name":"Majstrovstv\u00e1 sveta &#187; Slovensk\u00e1 rope skippingov\u00e1 asoci\u00e1cia","isPartOf":{"@id":"https:\/\/www.srsa.sk\/#website"},"primaryImageOfPage":{"@id":"https:\/\/www.srsa.sk\/?page_id=3107#primaryimage"},"image":{"@id":"https:\/\/www.srsa.sk\/?page_id=3107#primaryimage"},"thumbnailUrl":"https:\/\/www.srsa.sk\/wp-content\/uploads\/2023\/03\/Majstrovstva-sveta-2023-logo.png","datePublished":"2023-03-27T14:14:13+00:00","dateModified":"2023-07-17T11:44:04+00:00","description":"Majstrovstv\u00e1 sveta v \u0161porte rope skipping je v\u00fdznamn\u00e9 podujatie, ktor\u00e9 sa kon\u00e1 ka\u017ed\u00e9 dva roky v\u017edy v inej krajine a na inom svetadiely.","breadcrumb":{"@id":"https:\/\/www.srsa.sk\/?page_id=3107#breadcrumb"},"inLanguage":"sk-SK","potentialAction":[{"@type":"ReadAction","target":["https:\/\/www.srsa.sk\/?page_id=3107"]}]},{"@type":"ImageObject","inLanguage":"sk-SK","@id":"https:\/\/www.srsa.sk\/?page_id=3107#primaryimage","url":"https:\/\/www.srsa.sk\/wp-content\/uploads\/2023\/03\/Majstrovstva-sveta-2023-logo.png","contentUrl":"https:\/\/www.srsa.sk\/wp-content\/uploads\/2023\/03\/Majstrovstva-sveta-2023-logo.png","width":502,"height":376,"caption":"Majstrovstv\u00e1 sveta 2023"},{"@type":"BreadcrumbList","@id":"https:\/\/www.srsa.sk\/?page_id=3107#breadcrumb","itemListElement":[{"@type":"ListItem","position":1,"name":"Home","item":"https:\/\/www.srsa.sk\/"},{"@type":"ListItem","position":2,"name":"Majstrovstv\u00e1 sveta"}]},{"@type":"WebSite","@id":"https:\/\/www.srsa.sk\/#website","url":"https:\/\/www.srsa.sk\/","name":"Slovensk\u00e1 rope skippingov\u00e1 asoci\u00e1cia","description":"...tam, kde kon\u010d\u00ed sk\u00e1kanie cez \u0161vihadlo, za\u010d\u00edna rope skipping","potentialAction":[{"@type":"SearchAction","target":{"@type":"EntryPoint","urlTemplate":"https:\/\/www.srsa.sk\/?s={search_term_string}"},"query-input":{"@type":"PropertyValueSpecification","valueRequired":true,"valueName":"search_term_string"}}],"inLanguage":"sk-SK"}]}},"_links":{"self":[{"href":"https:\/\/www.srsa.sk\/index.php?rest_route=\/wp\/v2\/pages\/3107","targetHints":{"allow":["GET"]}}],"collection":[{"href":"https:\/\/www.srsa.sk\/index.php?rest_route=\/wp\/v2\/pages"}],"about":[{"href":"https:\/\/www.srsa.sk\/index.php?rest_route=\/wp\/v2\/types\/page"}],"author":[{"embeddable":true,"href":"https:\/\/www.srsa.sk\/index.php?rest_route=\/wp\/v2\/users\/1"}],"replies":[{"embeddable":true,"href":"https:\/\/www.srsa.sk\/index.php?rest_route=%2Fwp%2Fv2%2Fcomments&post=3107"}],"version-history":[{"count":5,"href":"https:\/\/www.srsa.sk\/index.php?rest_route=\/wp\/v2\/pages\/3107\/revisions"}],"predecessor-version":[{"id":4549,"href":"https:\/\/www.srsa.sk\/index.php?rest_route=\/wp\/v2\/pages\/3107\/revisions\/4549"}],"wp:featuredmedia":[{"embeddable":true,"href":"https:\/\/www.srsa.sk\/index.php?rest_route=\/wp\/v2\/media\/4472"}],"wp:attachment":[{"href":"https:\/\/www.srsa.sk\/index.php?rest_route=%2Fwp%2Fv2%2Fmedia&parent=3107"}],"curies":[{"name":"wp","href":"https:\/\/api.w.org\/{rel}","templated":true}]}}