{"id":2130,"date":"2019-10-30T12:49:54","date_gmt":"2019-10-30T11:49:54","guid":{"rendered":"http:\/\/www.srsa.sk\/?page_id=2130"},"modified":"2026-01-19T22:12:17","modified_gmt":"2026-01-19T21:12:17","slug":"rok-2014-vysledky-zo-sutazi","status":"publish","type":"page","link":"https:\/\/www.srsa.sk\/?page_id=2130","title":{"rendered":"V\u00fdsledky zo s\u00fa\u0165a\u017e\u00ed &#8211; rok 2014"},"content":{"rendered":"\n<p>Rok 2014 je prelomov\u00fdm rokom v \u0161porte rope skipping. Na konci roku 2014 vznikla Slovensk\u00e1 rope skippingov\u00e1 asoci\u00e1cia, ktor\u00e1 je ob\u010dianskym zdru\u017een\u00edm zap\u00edsan\u00e1 v registri Ob\u010dianskych zdru\u017een\u00ed na Ministerstve vn\u00fatra SR. <\/p>\n\n\n\n<p>Aj napriek vzniku na\u0161ej organiz\u00e1cie koncom roka, stihli sme vysla\u0165 nieko\u013eko dru\u017estiev ako aj jednotlivcov na dve rope skipping s\u00fa\u0165a\u017ee do \u010ceskej republiky. <\/p>\n\n\n\n<figure class=\"wp-block-image\"><img loading=\"lazy\" decoding=\"async\" width=\"1024\" height=\"795\" src=\"https:\/\/www.srsa.sk\/wp-content\/uploads\/2019\/10\/prva-reprezentacia-rope-skipping-1024x795.jpg\" alt=\"\" class=\"wp-image-2166\" srcset=\"https:\/\/www.srsa.sk\/wp-content\/uploads\/2019\/10\/prva-reprezentacia-rope-skipping.jpg 1024w, https:\/\/www.srsa.sk\/wp-content\/uploads\/2019\/10\/prva-reprezentacia-rope-skipping-300x233.jpg 300w, https:\/\/www.srsa.sk\/wp-content\/uploads\/2019\/10\/prva-reprezentacia-rope-skipping-768x596.jpg 768w, https:\/\/www.srsa.sk\/wp-content\/uploads\/2019\/10\/prva-reprezentacia-rope-skipping-386x300.jpg 386w\" sizes=\"auto, (max-width: 1024px) 100vw, 1024px\" \/><\/figure>\n\n\n\n<p>D\u0148a 22.11.2014 sa zap\u00ed\u0161e do dej\u00edn hist\u00f3rie rope skippingu na Slovensku! V  tento de\u0148 sa&nbsp;konala s\u00fa\u0165a\u017e JUM4JOY v Prahe, v \u010ceskej republike, kde sa  z\u00fa\u010dastnila aj prv\u00e1 prezent\u00e1cia Slovenska v rope skippingu!!! Diev\u010dat\u00e1  pre Slovensko vysk\u00e1kali dve 1. miesta, dve 3. miesta a dve 5.miesta!!!!!<\/p>\n\n\n\n<p>Deti priniesli mno\u017estvo diplomov a medail\u00ed za prv\u00e9, druh\u00e9, ale aj tretie miesta zo s\u00fa\u0165a\u017ee BLECHA CUP v Novom Ji\u010d\u00edne. S\u00fa\u0165a\u017e sa konala nielen v r\u00fdchlostn\u00fdch discipl\u00ednach pre jednotlivcov, ale aj pre teamy.<\/p>\n\n\n\n<figure class=\"wp-block-image\"><img loading=\"lazy\" decoding=\"async\" width=\"1024\" height=\"768\" src=\"https:\/\/www.srsa.sk\/wp-content\/uploads\/2019\/10\/rok-2014-blecha-cup-1024x768.jpg\" alt=\"\" class=\"wp-image-2168\" srcset=\"https:\/\/www.srsa.sk\/wp-content\/uploads\/2019\/10\/rok-2014-blecha-cup.jpg 1024w, https:\/\/www.srsa.sk\/wp-content\/uploads\/2019\/10\/rok-2014-blecha-cup-300x225.jpg 300w, https:\/\/www.srsa.sk\/wp-content\/uploads\/2019\/10\/rok-2014-blecha-cup-768x576.jpg 768w, https:\/\/www.srsa.sk\/wp-content\/uploads\/2019\/10\/rok-2014-blecha-cup-400x300.jpg 400w\" sizes=\"auto, (max-width: 1024px) 100vw, 1024px\" \/><\/figure>\n\n\n\n<p>Obrovsk\u00e1 gratul\u00e1cia a v\u010faka patr\u00ed diev\u010dat\u00e1m z Pova\u017eskej Bystrice!<\/p>\n\n\n\n<p>\u00daspe\u0161nos\u0165 det\u00ed z Pova\u017eskej Bystrice si nesmierne v\u00e1\u017eime, sme na nich hrd\u00ed a \u010fakujeme za ich skvel\u00e9 v\u00fdkony. Slovensko sa zap\u00edsalo od ofici\u00e1lneho vzniku rope skippingu zalo\u017een\u00edm Slovenskej rope skippingovej asoci\u00e1cie ve\u013emi dobre! <\/p>\n\n\n\n<p>Rok 2014 teda od\u0161tartoval rope skipping na Slovensku \u00faspechmi, ktor\u00fdm v\u010fa\u010d\u00edme de\u0165om a lektorke Andrei Toporovej z Pova\u017eskej Bystrice.  Od roku 2015 sa za\u010d\u00ednaj\u00fa organizova\u0165 s\u00fa\u0165a\u017ee aj na Slovensku s ofici\u00e1lnymi platn\u00fdmi pravidlami pod\u013ea svetovej organiz\u00e1cie <a href=\"http:\/\/www.fisac-irsf.org\" target=\"_blank\" rel=\"noreferrer noopener\" aria-label=\"IRSF-FISAC. (opens in a new tab)\">IRSF-FISAC.<\/a><\/p>\n\n\n\n<div class=\"wp-block-image\"><figure class=\"aligncenter\"><img loading=\"lazy\" decoding=\"async\" width=\"314\" height=\"203\" src=\"https:\/\/www.srsa.sk\/wp-content\/uploads\/2015\/04\/reprezentacia3.jpg\" alt=\"rok 2014 jump for joy\" class=\"wp-image-94\" srcset=\"https:\/\/www.srsa.sk\/wp-content\/uploads\/2015\/04\/reprezentacia3.jpg 314w, https:\/\/www.srsa.sk\/wp-content\/uploads\/2015\/04\/reprezentacia3-300x194.jpg 300w\" sizes=\"auto, (max-width: 314px) 100vw, 314px\" \/><\/figure><\/div>\n\n\n\n<blockquote class=\"wp-block-quote is-style-large is-layout-flow wp-block-quote-is-layout-flow\"><p><strong><a href=\"https:\/\/www.srsa.sk\/?p=48\" target=\"_blank\" rel=\"noreferrer noopener\" aria-label=\"JUMP 4 JOY 2014 - PRAHA (opens in a new tab)\">JUMP 4 JOY 2014 &#8211; PRAHA<\/a><\/strong><\/p><\/blockquote>\n\n\n\n<blockquote class=\"wp-block-quote is-style-large is-layout-flow wp-block-quote-is-layout-flow\"><p><strong><a href=\"https:\/\/www.srsa.sk\/?p=59\" target=\"_blank\" rel=\"noreferrer noopener\" aria-label=\" (opens in a new tab)\">BLECHA CUP 2014 &#8211; Nov\u00fd Ji\u010d\u00edn <\/a><\/strong><\/p><\/blockquote>\n","protected":false},"excerpt":{"rendered":"<p>Rok 2014 je prelomov\u00fdm rokom v \u0161porte rope skipping. Na konci roku 2014 vznikla Slovensk\u00e1 rope skippingov\u00e1 asoci\u00e1cia, ktor\u00e1 je ob\u010dianskym zdru\u017een\u00edm zap\u00edsan\u00e1 v registri Ob\u010dianskych zdru\u017een\u00ed na Ministerstve vn\u00fatra SR. Aj napriek vzniku na\u0161ej organiz\u00e1cie koncom roka, stihli sme vysla\u0165 nieko\u013eko dru\u017estiev ako aj jednotlivcov na dve rope skipping s\u00fa\u0165a\u017ee do \u010ceskej republiky. D\u0148a [&hellip;]<\/p>\n","protected":false},"author":1,"featured_media":0,"parent":0,"menu_order":0,"comment_status":"closed","ping_status":"closed","template":"","meta":{"footnotes":""},"class_list":["post-2130","page","type-page","status-publish","hentry"],"yoast_head":"<!-- This site is optimized with the Yoast SEO plugin v26.8 - https:\/\/yoast.com\/product\/yoast-seo-wordpress\/ -->\n<title>V\u00fdsledky zo s\u00fa\u0165a\u017e\u00ed - rok 2014 &#187; Slovensk\u00e1 rope skippingov\u00e1 asoci\u00e1cia<\/title>\n<meta name=\"description\" content=\"Rok 2014 bol pre rope skipping k\u013e\u00fa\u010dov\u00fd. V tomto roku bola zalo\u017een\u00e1 Slovensk\u00e1 rope skippingov\u00e1 asoci\u00e1cia, ktor\u00e1 vybudovala rope skipping ako \u0161port na SR.\" \/>\n<meta name=\"robots\" content=\"index, follow, max-snippet:-1, max-image-preview:large, max-video-preview:-1\" \/>\n<link rel=\"canonical\" href=\"https:\/\/www.srsa.sk\/?page_id=2130\" \/>\n<meta property=\"og:locale\" content=\"sk_SK\" \/>\n<meta property=\"og:type\" content=\"article\" \/>\n<meta property=\"og:title\" content=\"V\u00fdsledky zo s\u00fa\u0165a\u017e\u00ed - rok 2014 &#187; Slovensk\u00e1 rope skippingov\u00e1 asoci\u00e1cia\" \/>\n<meta property=\"og:description\" content=\"Rok 2014 bol pre rope skipping k\u013e\u00fa\u010dov\u00fd. V tomto roku bola zalo\u017een\u00e1 Slovensk\u00e1 rope skippingov\u00e1 asoci\u00e1cia, ktor\u00e1 vybudovala rope skipping ako \u0161port na SR.\" \/>\n<meta property=\"og:url\" content=\"https:\/\/www.srsa.sk\/?page_id=2130\" \/>\n<meta property=\"og:site_name\" content=\"Slovensk\u00e1 rope skippingov\u00e1 asoci\u00e1cia\" \/>\n<meta property=\"article:modified_time\" content=\"2026-01-19T21:12:17+00:00\" \/>\n<meta property=\"og:image\" content=\"http:\/\/www.srsa.sk\/wp-content\/uploads\/2019\/10\/prva-reprezentacia-rope-skipping-1024x795.jpg\" \/>\n<meta name=\"twitter:card\" content=\"summary_large_image\" \/>\n<meta name=\"twitter:label1\" content=\"Predpokladan\u00fd \u010das \u010d\u00edtania\" \/>\n\t<meta name=\"twitter:data1\" content=\"2 min\u00faty\" \/>\n<script type=\"application\/ld+json\" class=\"yoast-schema-graph\">{\"@context\":\"https:\/\/schema.org\",\"@graph\":[{\"@type\":\"WebPage\",\"@id\":\"https:\/\/www.srsa.sk\/?page_id=2130\",\"url\":\"https:\/\/www.srsa.sk\/?page_id=2130\",\"name\":\"V\u00fdsledky zo s\u00fa\u0165a\u017e\u00ed - rok 2014 &#187; Slovensk\u00e1 rope skippingov\u00e1 asoci\u00e1cia\",\"isPartOf\":{\"@id\":\"https:\/\/www.srsa.sk\/#website\"},\"primaryImageOfPage\":{\"@id\":\"https:\/\/www.srsa.sk\/?page_id=2130#primaryimage\"},\"image\":{\"@id\":\"https:\/\/www.srsa.sk\/?page_id=2130#primaryimage\"},\"thumbnailUrl\":\"http:\/\/www.srsa.sk\/wp-content\/uploads\/2019\/10\/prva-reprezentacia-rope-skipping-1024x795.jpg\",\"datePublished\":\"2019-10-30T11:49:54+00:00\",\"dateModified\":\"2026-01-19T21:12:17+00:00\",\"description\":\"Rok 2014 bol pre rope skipping k\u013e\u00fa\u010dov\u00fd. V tomto roku bola zalo\u017een\u00e1 Slovensk\u00e1 rope skippingov\u00e1 asoci\u00e1cia, ktor\u00e1 vybudovala rope skipping ako \u0161port na SR.\",\"breadcrumb\":{\"@id\":\"https:\/\/www.srsa.sk\/?page_id=2130#breadcrumb\"},\"inLanguage\":\"sk-SK\",\"potentialAction\":[{\"@type\":\"ReadAction\",\"target\":[\"https:\/\/www.srsa.sk\/?page_id=2130\"]}]},{\"@type\":\"ImageObject\",\"inLanguage\":\"sk-SK\",\"@id\":\"https:\/\/www.srsa.sk\/?page_id=2130#primaryimage\",\"url\":\"http:\/\/www.srsa.sk\/wp-content\/uploads\/2019\/10\/prva-reprezentacia-rope-skipping-1024x795.jpg\",\"contentUrl\":\"http:\/\/www.srsa.sk\/wp-content\/uploads\/2019\/10\/prva-reprezentacia-rope-skipping-1024x795.jpg\"},{\"@type\":\"BreadcrumbList\",\"@id\":\"https:\/\/www.srsa.sk\/?page_id=2130#breadcrumb\",\"itemListElement\":[{\"@type\":\"ListItem\",\"position\":1,\"name\":\"Home\",\"item\":\"https:\/\/www.srsa.sk\/\"},{\"@type\":\"ListItem\",\"position\":2,\"name\":\"V\u00fdsledky zo s\u00fa\u0165a\u017e\u00ed &#8211; rok 2014\"}]},{\"@type\":\"WebSite\",\"@id\":\"https:\/\/www.srsa.sk\/#website\",\"url\":\"https:\/\/www.srsa.sk\/\",\"name\":\"Slovensk\u00e1 rope skippingov\u00e1 asoci\u00e1cia\",\"description\":\"...tam, kde kon\u010d\u00ed sk\u00e1kanie cez \u0161vihadlo, za\u010d\u00edna rope skipping\",\"potentialAction\":[{\"@type\":\"SearchAction\",\"target\":{\"@type\":\"EntryPoint\",\"urlTemplate\":\"https:\/\/www.srsa.sk\/?s={search_term_string}\"},\"query-input\":{\"@type\":\"PropertyValueSpecification\",\"valueRequired\":true,\"valueName\":\"search_term_string\"}}],\"inLanguage\":\"sk-SK\"}]}<\/script>\n<!-- \/ Yoast SEO plugin. -->","yoast_head_json":{"title":"V\u00fdsledky zo s\u00fa\u0165a\u017e\u00ed - rok 2014 &#187; Slovensk\u00e1 rope skippingov\u00e1 asoci\u00e1cia","description":"Rok 2014 bol pre rope skipping k\u013e\u00fa\u010dov\u00fd. V tomto roku bola zalo\u017een\u00e1 Slovensk\u00e1 rope skippingov\u00e1 asoci\u00e1cia, ktor\u00e1 vybudovala rope skipping ako \u0161port na SR.","robots":{"index":"index","follow":"follow","max-snippet":"max-snippet:-1","max-image-preview":"max-image-preview:large","max-video-preview":"max-video-preview:-1"},"canonical":"https:\/\/www.srsa.sk\/?page_id=2130","og_locale":"sk_SK","og_type":"article","og_title":"V\u00fdsledky zo s\u00fa\u0165a\u017e\u00ed - rok 2014 &#187; Slovensk\u00e1 rope skippingov\u00e1 asoci\u00e1cia","og_description":"Rok 2014 bol pre rope skipping k\u013e\u00fa\u010dov\u00fd. V tomto roku bola zalo\u017een\u00e1 Slovensk\u00e1 rope skippingov\u00e1 asoci\u00e1cia, ktor\u00e1 vybudovala rope skipping ako \u0161port na SR.","og_url":"https:\/\/www.srsa.sk\/?page_id=2130","og_site_name":"Slovensk\u00e1 rope skippingov\u00e1 asoci\u00e1cia","article_modified_time":"2026-01-19T21:12:17+00:00","og_image":[{"url":"http:\/\/www.srsa.sk\/wp-content\/uploads\/2019\/10\/prva-reprezentacia-rope-skipping-1024x795.jpg","type":"","width":"","height":""}],"twitter_card":"summary_large_image","twitter_misc":{"Predpokladan\u00fd \u010das \u010d\u00edtania":"2 min\u00faty"},"schema":{"@context":"https:\/\/schema.org","@graph":[{"@type":"WebPage","@id":"https:\/\/www.srsa.sk\/?page_id=2130","url":"https:\/\/www.srsa.sk\/?page_id=2130","name":"V\u00fdsledky zo s\u00fa\u0165a\u017e\u00ed - rok 2014 &#187; Slovensk\u00e1 rope skippingov\u00e1 asoci\u00e1cia","isPartOf":{"@id":"https:\/\/www.srsa.sk\/#website"},"primaryImageOfPage":{"@id":"https:\/\/www.srsa.sk\/?page_id=2130#primaryimage"},"image":{"@id":"https:\/\/www.srsa.sk\/?page_id=2130#primaryimage"},"thumbnailUrl":"http:\/\/www.srsa.sk\/wp-content\/uploads\/2019\/10\/prva-reprezentacia-rope-skipping-1024x795.jpg","datePublished":"2019-10-30T11:49:54+00:00","dateModified":"2026-01-19T21:12:17+00:00","description":"Rok 2014 bol pre rope skipping k\u013e\u00fa\u010dov\u00fd. V tomto roku bola zalo\u017een\u00e1 Slovensk\u00e1 rope skippingov\u00e1 asoci\u00e1cia, ktor\u00e1 vybudovala rope skipping ako \u0161port na SR.","breadcrumb":{"@id":"https:\/\/www.srsa.sk\/?page_id=2130#breadcrumb"},"inLanguage":"sk-SK","potentialAction":[{"@type":"ReadAction","target":["https:\/\/www.srsa.sk\/?page_id=2130"]}]},{"@type":"ImageObject","inLanguage":"sk-SK","@id":"https:\/\/www.srsa.sk\/?page_id=2130#primaryimage","url":"http:\/\/www.srsa.sk\/wp-content\/uploads\/2019\/10\/prva-reprezentacia-rope-skipping-1024x795.jpg","contentUrl":"http:\/\/www.srsa.sk\/wp-content\/uploads\/2019\/10\/prva-reprezentacia-rope-skipping-1024x795.jpg"},{"@type":"BreadcrumbList","@id":"https:\/\/www.srsa.sk\/?page_id=2130#breadcrumb","itemListElement":[{"@type":"ListItem","position":1,"name":"Home","item":"https:\/\/www.srsa.sk\/"},{"@type":"ListItem","position":2,"name":"V\u00fdsledky zo s\u00fa\u0165a\u017e\u00ed &#8211; rok 2014"}]},{"@type":"WebSite","@id":"https:\/\/www.srsa.sk\/#website","url":"https:\/\/www.srsa.sk\/","name":"Slovensk\u00e1 rope skippingov\u00e1 asoci\u00e1cia","description":"...tam, kde kon\u010d\u00ed sk\u00e1kanie cez \u0161vihadlo, za\u010d\u00edna rope skipping","potentialAction":[{"@type":"SearchAction","target":{"@type":"EntryPoint","urlTemplate":"https:\/\/www.srsa.sk\/?s={search_term_string}"},"query-input":{"@type":"PropertyValueSpecification","valueRequired":true,"valueName":"search_term_string"}}],"inLanguage":"sk-SK"}]}},"_links":{"self":[{"href":"https:\/\/www.srsa.sk\/index.php?rest_route=\/wp\/v2\/pages\/2130","targetHints":{"allow":["GET"]}}],"collection":[{"href":"https:\/\/www.srsa.sk\/index.php?rest_route=\/wp\/v2\/pages"}],"about":[{"href":"https:\/\/www.srsa.sk\/index.php?rest_route=\/wp\/v2\/types\/page"}],"author":[{"embeddable":true,"href":"https:\/\/www.srsa.sk\/index.php?rest_route=\/wp\/v2\/users\/1"}],"replies":[{"embeddable":true,"href":"https:\/\/www.srsa.sk\/index.php?rest_route=%2Fwp%2Fv2%2Fcomments&post=2130"}],"version-history":[{"count":10,"href":"https:\/\/www.srsa.sk\/index.php?rest_route=\/wp\/v2\/pages\/2130\/revisions"}],"predecessor-version":[{"id":2497,"href":"https:\/\/www.srsa.sk\/index.php?rest_route=\/wp\/v2\/pages\/2130\/revisions\/2497"}],"wp:attachment":[{"href":"https:\/\/www.srsa.sk\/index.php?rest_route=%2Fwp%2Fv2%2Fmedia&parent=2130"}],"curies":[{"name":"wp","href":"https:\/\/api.w.org\/{rel}","templated":true}]}}