{"id":2123,"date":"2019-10-30T11:09:17","date_gmt":"2019-10-30T10:09:17","guid":{"rendered":"http:\/\/www.srsa.sk\/?page_id=2123"},"modified":"2026-01-19T22:12:05","modified_gmt":"2026-01-19T21:12:05","slug":"vysledky-zo-sutazi-2015","status":"publish","type":"page","link":"https:\/\/www.srsa.sk\/?page_id=2123","title":{"rendered":"V\u00fdsledky zo s\u00fa\u0165a\u017e\u00ed v roku 2015"},"content":{"rendered":"\n<p><\/p>\n\n\n\n<p>V\u00fdsledky zo s\u00fa\u0165a\u017e\u00ed v roku 2015 si m\u00f4\u017eete prehliada\u0165 priamo na tejto str\u00e1nke n\u00e1\u0161ho webu. <\/p>\n\n\n\n<p>Slovensk\u00e1 rope skippingov\u00e1 asoci\u00e1cia okrem aktiv\u00edt ako s\u00fa workshopy a in\u00e9 zorganizovala v roku 2015 dve rope skipping s\u00fa\u0165a\u017ee. <\/p>\n\n\n\n<p>Prvou s\u00fa\u0165a\u017eou bola medzin\u00e1rodn\u00e1 s\u00fa\u0165a\u017e <strong>BRATISLAVA ROPE SKIPPING CUP 2015<\/strong>. T\u00e1to s\u00fa\u0165a\u017e je prvou ofici\u00e1lnou s\u00fa\u0165a\u017eou v rope skippingu, \u010d\u00edm sa od\u0161tartovalo s\u00fa\u0165a\u017en\u00e9 rope skipping hnutie na Slovensku. I\u0161lo o prv\u00fa s\u00fa\u0165a\u017e pod\u013ea ofici\u00e1lnych platn\u00fdch svetov\u00fdch pravidiel svetovej organiz\u00e1cie <a rel=\"noreferrer noopener\" aria-label=\"IRSF-FISAC  (opens in a new tab)\" href=\"http:\/\/www.fisac-irsf.org\" target=\"_blank\">IRSF-FISAC <\/a>aplikovan\u00fdmi do podmienok Slovenskej republiky. <\/p>\n\n\n\n<p>Po \u00faspe\u0161nej organiz\u00e1cii vy\u0161\u0161ie spom\u00ednanej s\u00fa\u0165a\u017ee Slovensk\u00e1 rope skippingov\u00e1 asoci\u00e1cia organizovala v decembri 2015 s\u00fa\u0165a\u017e pre za\u010diato\u010dn\u00edkov pod n\u00e1zvom <strong>SKIPPER BRATISLAVY 2015<\/strong>. <\/p>\n\n\n\n<div class=\"wp-block-image\"><figure class=\"aligncenter\"><img loading=\"lazy\" decoding=\"async\" width=\"314\" height=\"210\" src=\"https:\/\/www.srsa.sk\/wp-content\/uploads\/2016\/04\/svihadla-bratislava.jpg\" alt=\"vysledky zo sutazi 2015\" class=\"wp-image-410\" srcset=\"https:\/\/www.srsa.sk\/wp-content\/uploads\/2016\/04\/svihadla-bratislava.jpg 314w, https:\/\/www.srsa.sk\/wp-content\/uploads\/2016\/04\/svihadla-bratislava-300x201.jpg 300w\" sizes=\"auto, (max-width: 314px) 100vw, 314px\" \/><\/figure><\/div>\n\n\n\n<p>Na\u0161im \u010dlenom sme zabezpe\u010dili aj \u00fa\u010das\u0165 na zahrani\u010dn\u00fdch s\u00fa\u0165a\u017eiach. Na tieto s\u00fa\u0165a\u017ee sme vyslali v\u0161etk\u00fdch \u0161portovcov, ktor\u00ed mali z\u00e1ujem z\u00fa\u010dastni\u0165 sa s\u00fa\u0165a\u017e\u00ed v zahrani\u010d\u00ed a prezentova\u0165 tak na\u0161e Slovensko v rope skippingu. <\/p>\n\n\n\n<p>V ma\u010farskom meste Szombathely sa s\u00fa\u0165a\u017ee pod n\u00e1zvom <strong>SZASZA MEMORIAL<\/strong> z\u00fa\u010dastnili skipperi z Pova\u017eskej Bystrice a za\u017eili tak  konkurenciu zo zahrani\u010dia. S\u00fa\u0165a\u017ee sa z\u00fa\u010dastnili krajiny Rak\u00fasko, Franc\u00fazsko, Slovensko a samozrejme Ma\u010farsko.  V tvrdej konkurencii ostatn\u00fdch \u0161t\u00e1tov, ktor\u00e9 tento \u0161port maj\u00fa viac ako 15 rokov na\u0161i skipperi na stupienkoch v\u00ed\u0165azov s\u00edce nest\u00e1li, za to v\u0161ak si odniesli sk\u00fasenosti, mno\u017estvo z\u00e1\u017eitkov a nov\u00e9 priate\u013estv\u00e1. <\/p>\n\n\n\n<p>V hlavnom meste \u010ceskej republiky &#8211; v Prahe, mali skipperi u\u017e ove\u013ea viac sk\u00fasenost\u00ed. Na s\u00fa\u0165a\u017e <strong>JUMP 4 JOY 2015<\/strong> boli riadne pripraven\u00ed obst\u00e1\u0165 aj v tvrdej konkurencii zahrani\u010dia. Slovensku vysk\u00e1kali mno\u017estvo medail\u00ed v r\u00fdchlostn\u00fdch discipl\u00ednach pre jednotlivcoch, ale aj v teamov\u00fdch discipl\u00ednach.<\/p>\n\n\n\n<p>V\u00fdsledky zo s\u00fa\u0165a\u017e\u00ed v roku 2015 si m\u00f4\u017eete prehliada\u0165 kliknut\u00edm na  jednotliv\u00e9 linky danej s\u00fa\u0165a\u017ee: <\/p>\n\n\n\n<blockquote class=\"wp-block-quote is-style-large is-layout-flow wp-block-quote-is-layout-flow\"><p><strong><a href=\"https:\/\/www.srsa.sk\/?p=2101\" target=\"_blank\" rel=\"noreferrer noopener\" aria-label=\" (opens in a new tab)\">BRATISLAVA ROPE SKIPPING CUP 2015<\/a><\/strong><\/p><\/blockquote>\n\n\n\n<blockquote class=\"wp-block-quote is-style-large is-layout-flow wp-block-quote-is-layout-flow\"><p><strong><a href=\"https:\/\/www.srsa.sk\/?p=2177\">SZASZA MEMORIAL 2015 SZOMBATHELY<\/a><\/strong><\/p><\/blockquote>\n\n\n\n<blockquote class=\"wp-block-quote is-style-large is-layout-flow wp-block-quote-is-layout-flow\"><p><strong><a href=\"https:\/\/www.srsa.sk\/wp-content\/uploads\/2016\/04\/2015-Jump4joy-2015-Praha.xls\" target=\"_blank\" rel=\"noreferrer noopener\" aria-label=\"JUMP 4 JOY PRAHA 2015 (opens in a new tab)\">JUMP 4 JOY PRAHA 2015<\/a><\/strong><\/p><\/blockquote>\n\n\n\n<blockquote class=\"wp-block-quote is-style-large is-layout-flow wp-block-quote-is-layout-flow\"><p><strong><a href=\"https:\/\/www.srsa.sk\/?emd_video=skipper-bratislavy-2015\" target=\"_blank\" rel=\"noreferrer noopener\" aria-label=\"SKIPPER BRATISLAVY 2015  (opens in a new tab)\">SKIPPER BRATISLAVY 2015 <\/a><\/strong><\/p><\/blockquote>\n\n\n","protected":false},"excerpt":{"rendered":"<p>V\u00fdsledky zo s\u00fa\u0165a\u017e\u00ed v roku 2015 si m\u00f4\u017eete prehliada\u0165 priamo na tejto str\u00e1nke n\u00e1\u0161ho webu. Slovensk\u00e1 rope skippingov\u00e1 asoci\u00e1cia okrem aktiv\u00edt ako s\u00fa workshopy a in\u00e9 zorganizovala v roku 2015 dve rope skipping s\u00fa\u0165a\u017ee. Prvou s\u00fa\u0165a\u017eou bola medzin\u00e1rodn\u00e1 s\u00fa\u0165a\u017e BRATISLAVA ROPE SKIPPING CUP 2015. T\u00e1to s\u00fa\u0165a\u017e je prvou ofici\u00e1lnou s\u00fa\u0165a\u017eou v rope skippingu, \u010d\u00edm sa [&hellip;]<\/p>\n","protected":false},"author":1,"featured_media":0,"parent":0,"menu_order":0,"comment_status":"closed","ping_status":"closed","template":"","meta":{"footnotes":""},"class_list":["post-2123","page","type-page","status-publish","hentry"],"yoast_head":"<!-- This site is optimized with the Yoast SEO plugin v26.8 - https:\/\/yoast.com\/product\/yoast-seo-wordpress\/ -->\n<title>V\u00fdsledky zo s\u00fa\u0165a\u017e\u00ed v roku 2015 &#187; Slovensk\u00e1 rope skippingov\u00e1 asoci\u00e1cia<\/title>\n<meta name=\"description\" content=\"V\u00fdsledky zo s\u00fa\u0165a\u017e\u00ed v roku 2015 v \u0161porte rope skipping - sk\u00e1kanie cez \u0161vihadlo, ktor\u00e9 sa konali na Slovensku, ale aj v zahrani\u010d\u00ed.\" \/>\n<meta name=\"robots\" content=\"index, follow, max-snippet:-1, max-image-preview:large, max-video-preview:-1\" \/>\n<link rel=\"canonical\" href=\"https:\/\/www.srsa.sk\/?page_id=2123\" \/>\n<meta property=\"og:locale\" content=\"sk_SK\" \/>\n<meta property=\"og:type\" content=\"article\" \/>\n<meta property=\"og:title\" content=\"V\u00fdsledky zo s\u00fa\u0165a\u017e\u00ed v roku 2015 &#187; Slovensk\u00e1 rope skippingov\u00e1 asoci\u00e1cia\" \/>\n<meta property=\"og:description\" content=\"V\u00fdsledky zo s\u00fa\u0165a\u017e\u00ed v roku 2015 v \u0161porte rope skipping - sk\u00e1kanie cez \u0161vihadlo, ktor\u00e9 sa konali na Slovensku, ale aj v zahrani\u010d\u00ed.\" \/>\n<meta property=\"og:url\" content=\"https:\/\/www.srsa.sk\/?page_id=2123\" \/>\n<meta property=\"og:site_name\" content=\"Slovensk\u00e1 rope skippingov\u00e1 asoci\u00e1cia\" \/>\n<meta property=\"article:modified_time\" content=\"2026-01-19T21:12:05+00:00\" \/>\n<meta property=\"og:image\" content=\"http:\/\/www.srsa.sk\/wp-content\/uploads\/2016\/04\/svihadla-bratislava.jpg\" \/>\n<meta name=\"twitter:card\" content=\"summary_large_image\" \/>\n<meta name=\"twitter:label1\" content=\"Predpokladan\u00fd \u010das \u010d\u00edtania\" \/>\n\t<meta name=\"twitter:data1\" content=\"2 min\u00faty\" \/>\n<script type=\"application\/ld+json\" class=\"yoast-schema-graph\">{\"@context\":\"https:\/\/schema.org\",\"@graph\":[{\"@type\":\"WebPage\",\"@id\":\"https:\/\/www.srsa.sk\/?page_id=2123\",\"url\":\"https:\/\/www.srsa.sk\/?page_id=2123\",\"name\":\"V\u00fdsledky zo s\u00fa\u0165a\u017e\u00ed v roku 2015 &#187; Slovensk\u00e1 rope skippingov\u00e1 asoci\u00e1cia\",\"isPartOf\":{\"@id\":\"https:\/\/www.srsa.sk\/#website\"},\"primaryImageOfPage\":{\"@id\":\"https:\/\/www.srsa.sk\/?page_id=2123#primaryimage\"},\"image\":{\"@id\":\"https:\/\/www.srsa.sk\/?page_id=2123#primaryimage\"},\"thumbnailUrl\":\"http:\/\/www.srsa.sk\/wp-content\/uploads\/2016\/04\/svihadla-bratislava.jpg\",\"datePublished\":\"2019-10-30T10:09:17+00:00\",\"dateModified\":\"2026-01-19T21:12:05+00:00\",\"description\":\"V\u00fdsledky zo s\u00fa\u0165a\u017e\u00ed v roku 2015 v \u0161porte rope skipping - sk\u00e1kanie cez \u0161vihadlo, ktor\u00e9 sa konali na Slovensku, ale aj v zahrani\u010d\u00ed.\",\"breadcrumb\":{\"@id\":\"https:\/\/www.srsa.sk\/?page_id=2123#breadcrumb\"},\"inLanguage\":\"sk-SK\",\"potentialAction\":[{\"@type\":\"ReadAction\",\"target\":[\"https:\/\/www.srsa.sk\/?page_id=2123\"]}]},{\"@type\":\"ImageObject\",\"inLanguage\":\"sk-SK\",\"@id\":\"https:\/\/www.srsa.sk\/?page_id=2123#primaryimage\",\"url\":\"http:\/\/www.srsa.sk\/wp-content\/uploads\/2016\/04\/svihadla-bratislava.jpg\",\"contentUrl\":\"http:\/\/www.srsa.sk\/wp-content\/uploads\/2016\/04\/svihadla-bratislava.jpg\"},{\"@type\":\"BreadcrumbList\",\"@id\":\"https:\/\/www.srsa.sk\/?page_id=2123#breadcrumb\",\"itemListElement\":[{\"@type\":\"ListItem\",\"position\":1,\"name\":\"Home\",\"item\":\"https:\/\/www.srsa.sk\/\"},{\"@type\":\"ListItem\",\"position\":2,\"name\":\"V\u00fdsledky zo s\u00fa\u0165a\u017e\u00ed v roku 2015\"}]},{\"@type\":\"WebSite\",\"@id\":\"https:\/\/www.srsa.sk\/#website\",\"url\":\"https:\/\/www.srsa.sk\/\",\"name\":\"Slovensk\u00e1 rope skippingov\u00e1 asoci\u00e1cia\",\"description\":\"...tam, kde kon\u010d\u00ed sk\u00e1kanie cez \u0161vihadlo, za\u010d\u00edna rope skipping\",\"potentialAction\":[{\"@type\":\"SearchAction\",\"target\":{\"@type\":\"EntryPoint\",\"urlTemplate\":\"https:\/\/www.srsa.sk\/?s={search_term_string}\"},\"query-input\":{\"@type\":\"PropertyValueSpecification\",\"valueRequired\":true,\"valueName\":\"search_term_string\"}}],\"inLanguage\":\"sk-SK\"}]}<\/script>\n<!-- \/ Yoast SEO plugin. -->","yoast_head_json":{"title":"V\u00fdsledky zo s\u00fa\u0165a\u017e\u00ed v roku 2015 &#187; Slovensk\u00e1 rope skippingov\u00e1 asoci\u00e1cia","description":"V\u00fdsledky zo s\u00fa\u0165a\u017e\u00ed v roku 2015 v \u0161porte rope skipping - sk\u00e1kanie cez \u0161vihadlo, ktor\u00e9 sa konali na Slovensku, ale aj v zahrani\u010d\u00ed.","robots":{"index":"index","follow":"follow","max-snippet":"max-snippet:-1","max-image-preview":"max-image-preview:large","max-video-preview":"max-video-preview:-1"},"canonical":"https:\/\/www.srsa.sk\/?page_id=2123","og_locale":"sk_SK","og_type":"article","og_title":"V\u00fdsledky zo s\u00fa\u0165a\u017e\u00ed v roku 2015 &#187; Slovensk\u00e1 rope skippingov\u00e1 asoci\u00e1cia","og_description":"V\u00fdsledky zo s\u00fa\u0165a\u017e\u00ed v roku 2015 v \u0161porte rope skipping - sk\u00e1kanie cez \u0161vihadlo, ktor\u00e9 sa konali na Slovensku, ale aj v zahrani\u010d\u00ed.","og_url":"https:\/\/www.srsa.sk\/?page_id=2123","og_site_name":"Slovensk\u00e1 rope skippingov\u00e1 asoci\u00e1cia","article_modified_time":"2026-01-19T21:12:05+00:00","og_image":[{"url":"http:\/\/www.srsa.sk\/wp-content\/uploads\/2016\/04\/svihadla-bratislava.jpg","type":"","width":"","height":""}],"twitter_card":"summary_large_image","twitter_misc":{"Predpokladan\u00fd \u010das \u010d\u00edtania":"2 min\u00faty"},"schema":{"@context":"https:\/\/schema.org","@graph":[{"@type":"WebPage","@id":"https:\/\/www.srsa.sk\/?page_id=2123","url":"https:\/\/www.srsa.sk\/?page_id=2123","name":"V\u00fdsledky zo s\u00fa\u0165a\u017e\u00ed v roku 2015 &#187; Slovensk\u00e1 rope skippingov\u00e1 asoci\u00e1cia","isPartOf":{"@id":"https:\/\/www.srsa.sk\/#website"},"primaryImageOfPage":{"@id":"https:\/\/www.srsa.sk\/?page_id=2123#primaryimage"},"image":{"@id":"https:\/\/www.srsa.sk\/?page_id=2123#primaryimage"},"thumbnailUrl":"http:\/\/www.srsa.sk\/wp-content\/uploads\/2016\/04\/svihadla-bratislava.jpg","datePublished":"2019-10-30T10:09:17+00:00","dateModified":"2026-01-19T21:12:05+00:00","description":"V\u00fdsledky zo s\u00fa\u0165a\u017e\u00ed v roku 2015 v \u0161porte rope skipping - sk\u00e1kanie cez \u0161vihadlo, ktor\u00e9 sa konali na Slovensku, ale aj v zahrani\u010d\u00ed.","breadcrumb":{"@id":"https:\/\/www.srsa.sk\/?page_id=2123#breadcrumb"},"inLanguage":"sk-SK","potentialAction":[{"@type":"ReadAction","target":["https:\/\/www.srsa.sk\/?page_id=2123"]}]},{"@type":"ImageObject","inLanguage":"sk-SK","@id":"https:\/\/www.srsa.sk\/?page_id=2123#primaryimage","url":"http:\/\/www.srsa.sk\/wp-content\/uploads\/2016\/04\/svihadla-bratislava.jpg","contentUrl":"http:\/\/www.srsa.sk\/wp-content\/uploads\/2016\/04\/svihadla-bratislava.jpg"},{"@type":"BreadcrumbList","@id":"https:\/\/www.srsa.sk\/?page_id=2123#breadcrumb","itemListElement":[{"@type":"ListItem","position":1,"name":"Home","item":"https:\/\/www.srsa.sk\/"},{"@type":"ListItem","position":2,"name":"V\u00fdsledky zo s\u00fa\u0165a\u017e\u00ed v roku 2015"}]},{"@type":"WebSite","@id":"https:\/\/www.srsa.sk\/#website","url":"https:\/\/www.srsa.sk\/","name":"Slovensk\u00e1 rope skippingov\u00e1 asoci\u00e1cia","description":"...tam, kde kon\u010d\u00ed sk\u00e1kanie cez \u0161vihadlo, za\u010d\u00edna rope skipping","potentialAction":[{"@type":"SearchAction","target":{"@type":"EntryPoint","urlTemplate":"https:\/\/www.srsa.sk\/?s={search_term_string}"},"query-input":{"@type":"PropertyValueSpecification","valueRequired":true,"valueName":"search_term_string"}}],"inLanguage":"sk-SK"}]}},"_links":{"self":[{"href":"https:\/\/www.srsa.sk\/index.php?rest_route=\/wp\/v2\/pages\/2123","targetHints":{"allow":["GET"]}}],"collection":[{"href":"https:\/\/www.srsa.sk\/index.php?rest_route=\/wp\/v2\/pages"}],"about":[{"href":"https:\/\/www.srsa.sk\/index.php?rest_route=\/wp\/v2\/types\/page"}],"author":[{"embeddable":true,"href":"https:\/\/www.srsa.sk\/index.php?rest_route=\/wp\/v2\/users\/1"}],"replies":[{"embeddable":true,"href":"https:\/\/www.srsa.sk\/index.php?rest_route=%2Fwp%2Fv2%2Fcomments&post=2123"}],"version-history":[{"count":19,"href":"https:\/\/www.srsa.sk\/index.php?rest_route=\/wp\/v2\/pages\/2123\/revisions"}],"predecessor-version":[{"id":3984,"href":"https:\/\/www.srsa.sk\/index.php?rest_route=\/wp\/v2\/pages\/2123\/revisions\/3984"}],"wp:attachment":[{"href":"https:\/\/www.srsa.sk\/index.php?rest_route=%2Fwp%2Fv2%2Fmedia&parent=2123"}],"curies":[{"name":"wp","href":"https:\/\/api.w.org\/{rel}","templated":true}]}}